+ -6 - 3?
-5
What is 3 - ((2 - -5 - 3) + -3)?
2
What is 1 + 0 - (6 + 2 + -2)?
-5
What is (4 - 0) + (1 - 0)?
5
What is the value of -4 - (-5 + 1 + 5)?
-5
-5 - (-5 - (-2 - -6))
4
Calculate (8 - 12) + 2 + (-1 - 3).
-6
1 - (-1 + 3) - (-1 - 1)
1
Evaluate (-3 - 3 - -5) + -5.
-6
What is the value of (-3 - 3) + (1 - 0)?
-5
What is (0 - 0) + -1 + 3 + -4?
-2
Calculate -4 + -3 + 3 + 3.
-1
What is -44 + 47 - (11 - (3 - 2))?
-7
Evaluate 4 - (5 - -7 - 4).
-4
(6 - 0) + 81 + -79
8
2 + (4 + -5 - 3)
-2
Calculate -6 - (3 - 10 - 0).
1
What is 8 + -7 + (-2 - (0 + 1))?
-2
Calculate -1 - (4 + -2 + -3).
0
(-2 - (5 + 0)) + 14
7
Calculate -5 + (-3 - (-3 + -4 + 5)).
-6
2 + 1 + (-26 - -18)
-5
What is -3 + (-4 - -5 - (0 + -4))?
2
-1 + 0 + 0 + 3 - 2
0
What is 1 + (3 + 0 - -1)?
5
-4 + -6 + (2 - (-5 - -1))
-4
What is the value of 2 + 1 + -3 + 4?
4
What is -6 + (-5 - -4 - (-1 + -5))?
-1
Evaluate -9 + -1 + 47 + -41 + 3.
-1
What is the value of 1 + -7 - (7 - (23 + -13))?
-3
Calculate 0 + 0 + (-10 - (3 - 13)).
0
-5 - -10 - (-1 + 2 + 2)
2
What is (2 - -2) + -2 + -2?
0
Calculate -3 + 2 + (-8 - -7).
-2
(-2 - (1 - -5)) + (-4 - -7)
-5
What is the value of 4 + (-1 + 2 - (-4 + 7))?
2
What is the value of (1 - -5) + 134 + -135?
5
Evaluate (5 - 1) + (11 + -21 - -4).
-2
Evaluate 1 + (0 - 2) - (36 - 32).
-5
Calculate (-3 + 3 - -1) + -3.
-2
Evaluate -1 + 6 + 1 - 5 - 2.
-1
6 - 0 - (32 - 25)
-1
What is -4 - (-1 - 1) - (-1 + -9)?
8
Evaluate -1 + (0 - -4 - 0) + -4.
-1
What is the value of -7 - (2 + (-3 - 0)) - -3?
-3
What is -5 - -4 - 4 - (0 - -1)?
-6
(2 - 1) + -5 + -4 + 3
-5
Evaluate -2 - -3 - 7 - -2.
-4
6 + -19 + 9 - (0 - 1)
-3
What is (6 - (7 - (6 - 6))) + -5?
-6
(-1 - (-4 + 0 - -2)) + 4
5
What is the value of (-1 - 2 - (2 + -1)) + -2?
-6
Evaluate (12 - 8) + -8 - 1.
-5
Calculate 45 - 59 - (2 - 8).
-8
What is the value of (5 - -6) + -8 + (0 - 2)?
1
16 + (11 - 6 - 12)
9
Evaluate -3 + 2 - ((0 - -1) + 1).
-3
Calculate (4 - (-6 - -12)) + (12 - 0).
10
Evaluate 0 + -2 - (7 - (11 - 4)).
-2
Evaluate 6 - 5 - (-2 - -3 - 0).
0
Evaluate 1 + 0 - (1 + 0) - 5.
-5
What is -6 - (2 + -4 - 9)?
5
4 + -1 - (1 - (1 + -3))
0
What is the value of -2 - (5 - 0 - (2 - 4))?
-9
Calculate 9 - (4 + (-14 - -10)).
9
Evaluate -5 + 1 + (0 - 0).
-4
Calculate 19 + (10 - 0) + -22.
7
What is 12 + -7 + (-3 - 4)?
-2
Evaluate (-6 - -2) + 1 + 1 + -8.
-10
Evaluate -3 + (11 - 12) + -4.
-8
What is -1 + 1 + -6 - (-73 - -63)?
4
Evaluate (-5 - -4) + -2 + (-1 - -1).
-3
What is (-6 - -3) + (-3 - 2) + 9?
1
Calculate 20 + -14 + -1 + -10.
-5
0 - -5 - -4 - 6
3
Calculate (4 - 5) + (-5 + 2 - -3).
-1
What is the value of 0 - (3 + 7) - (-4 - 2)?
-4
What is (0 + 3 + 1 - 5) + 6?
5
Evaluate -2 + (-3 - -3) + -1.
-3
What is the value of 11 - (3 + -2 - (3 - 6))?
7
What is 0 + -2 + 6 + -7?
-3
What is 6 - (5 - -17 - 7) - -2?
-7
What is -5 + (-1 - (-6 - (-11 + 6)))?
-5
Evaluate -8 - (3 + 3 + 0 - 4).
-10
1 + -2 - (-3 + -3 + 3)
2
What is 1 + 11 + (6 - 15)?
3
Calculate (17 - (3 + 10)) + -7.
-3
What is the value of (1 + -1 - (15 + -9)) + 5?
-1
What is (0 + 1 - 1 - -6) + -1?
5
-6 + 0 + (-1 - -4)
-3
Calculate (16 - 17) + (1 - 1) + -3.
-4
What is -1 + (-4 - -2) + 1 + 6?
4
Calculate (-1 - 0 - 3 - 7) + 4.
-7
(2 - -2 - 5) + -4 - -6
1
What is the value of 19 + -26 - (-16 - (-1 - -1))?
9
(10 - (-4 - -14)) + -6
-6
-11 - -10 - (-2 - 0)
1
What is (-9 + 0 - -1) + (1 - -2)?
-5
What is the value of -4 + 10 - (6 + -5)?
5
What is (-12 - 5 - -30) + (-5 - 2)?
6
Calculate -2 + 16 - ((8 - 4) + 2).
8
What is the value of 6 + -11 + 2 - -10?
7
Calculate (-5 + 8 - -7) + (-6 - -1).
5
Calculate 3 + -7 - -5 - 4.
-3
(0 - (4 + -3)) + 1
0
What is (-11 - -10) + 5 + (-2 - 3)?
-1
3 + -1 + 35 + -36
1
What is 2 - (-1 - -7 - (14 - 7))?
3
Calculate 1 + -7 + (5 - 0).
-1
What is 1 + 2 + -12 + 13?
4
Calculate -5 - (-11 + (-3 - -5) - -2).
2
4 - (-3 + 2) - (-11 - -16)
0
-1 + -2 + 2 + 5 + -6
-2
What is -1 + 2 + (-5 - -4) + 2?
2
Evaluate 3 - (9 - (13 - 1)).
6
What is the value of 1 + (-2 - (-6 - -3))?
2
What is -3 - (0 - 0) - -7 - 6?
-2
Evaluate 4 - (-5 + (13 - (3 - 4))).
-5
What is the value of (0 + -2 - (-6 + 2)) + -4?
-2
-3 + (14 - 2) + -11
-2
What is the value of 1 + -6 + -1 + 2?
-4
What is the value of -9 + (-6 - -21) + -6?
0
What is ((2 - -2) + 0 - 6) + 7?
5
Calculate 3 - (17 + -14 - (0 + 0)).
0
Evaluate 43 + -39 - (2 + -3).
5
1 + -2 + (-3 - -10) - 5
1
What is (1 - 4 - (-10 - -10)) + 2?
-1
What is the value of -3 - -13 - (2 - (-4 - -4))?
8
What is the value of -5 - (-4 - (1 - (6 - 3)))?
-3
2 + -5 + (6 - 10) + -4
-11
What is 1 + 0 + (-5 + 4 - 2)?
-2
What is the value of (5 - 1) + (-18 - -16)?
2
Evaluate -6 + 11 + (-2 - (0 - -2)).
1
3 + 2 + -6 + -5
-6
Calculate -11 + (14 + -6 - 2).
-5
Evaluate 6 + -3 + 0 + -5.
-2
What is the value of 3 + 4 + -8 + -2?
-3
Calculate 1 + (6 + (-6 - -4) - 6).
-1
What is -3 + -1 + -2 + 3 - -2?
-1
Evaluate 0 + -4 + 1 - -2 - 2.
-3
10 + (-27 - -6) + (9 - 2)
-4
What is 4 + -7 + 3 + -1?
-1
Evaluate 47 + -43 + 0 + (2 - 1).
5
What is the value of -4 - -14 - (4 - -1)?
5
Evaluate (3 - 3) + 10 + -3 + -3.
4
Evaluate (6 + 0 - 7) + -4.
-5
What is the value of (0 - 2) + -15 + 22?
5
0 + 2 - (-3 + (13 - 9))
1
Calculate 4 + 9 + -1 + -5.
7
Evaluate (2 - (-3 - -2) - -3) + -1.
5
1 + (-4 - (-2 - 0))
-1
11 - (-5 - -13) - 0
3
What is the value of 16 + -14 + -1 + -2 + 1?
0
Calculate -7 + (6 - (1 - 5)).
3
(-2 - (1 + 5)) + 13
5
What is (7 - (2 + 2)) + 0 + 1?
4
4 + (5 + -7 - 3)
-1
What is -6 + (-7 + 14 - (1 - 6))?
6
(-2 - -7 - (14 - 13)) + 1
5
What is (-6 - (-7 - 2)) + -10?
-7
(0 - 7) + (24 - 16)
1
What is (1 - 5) + (-11 - -18)?
3
Calculate -4 - 4 - -6 - -3.
1
-1 + 2 - (-1 + 4 + -2)
0
Calculate 12 - -2 - 23 - -14.
5
Evaluate 1 + 0 + -8 - (-11 - -8).
-4
8 + -7 - (-16 - -12)
5
Evaluate (-3 + (6 - 3) - 1) + 0.
-1
What is the value of -3 + 1 - (9 + -11) - -3?
3
What is (0 - 0 - 2) + 1?
-1
What is the value of -4 + 1 - (7 + (-12 - -6))?
-4
Calculate (0 - (3 - (3 - -3))) + -4.
-1
What is the value of (-2 - 1) + -2 + 5 - 1?
-1
Calculate -1 + 5 - 3 - 1.
0
What is -4 + -1 + (6 - -2)?
3
0 + (4 - 8 - -3) + 0
-1
What is 4 - 3 - -4 - 1 - 1?
3
Calculate (1 - -5) + -107 + 100.
-1
Evaluate 1 + 2 + 5 + (-3 - 7).
-2
Calculate 0 + 9 - (5 + -9 + 12).
1
Calculate (-1 - (0 + -2 + 1)) + 2.
2
Evaluate -5 + 2 - (1 + -2).
-2
0 + 0 + 1 + (-1 - -2)
2
2 + -1 - (5 - (-3 + 4))
-3
Evaluate -13 + -1 + 1 + 6 + 0.
-7
What is the value of 3 + 3 + -1 + -5?
0
Calculate 0 + (4 - 7) - (-4 + 0).
1
Calculate (0 + -1 - (-2 + 2)) + -3.
-4
What is the value of 2 + -4 - (4 - 3)?
-3
Evaluate 7 - (-4 - (0 - 6)).
5
-1 - 0 - (9 - (3 + 7))
0
What is 1 + (2 + (-3 - 1) - -1)?
0
Calculate 7 + -9 + -1 - -4.
1
What is the value of 1 - (-12 + 7 + 2)?
4
-6 + (5 - (-6 + (-5 - -13)))
-3
Calculate 6 + -1 + -6 + -7.
-8
What is the value of -3 - 8 - (0 + -10)?
-1
-1 - 0 - (-2 - (-3 + 3))
1
What is the value of (0 + -7 - -15) + -14?
-6
What is the value of 16 + -19 + -1 + 1 - -3?
0
What is -2 + (-11 - 0) + (28 - 22)?
-7
Evaluate 13 + -1 + -45 + 24.
-9
Evaluate 4 + 2 + -4 + 0.
2
What is the value of -1 + -9 - (2 - (16 + -7))?
-3
What is the value of 2 - (-3 - -2) - (-3 - -2)?
4
Evaluate 1 - (-3 + 2) - (-4 + 9).
-3
-3 - (3 + 2 + -10)
2
What is 6 - 1 - (-9 + 11) - -1?
4
What is -6 + (-3 - -4) + 1?
-4
Calculate 4 - (-23 + 15) - 7.
5
Calculate ((2 - 2) + 0 - -4) + -3.
1
Evaluate -2 - (-2 - -3) - (4 + -2).
-5
(0 - -9) + -14 + 7
2
What is 7 + -18 + 5 - -3 - 6?
-9
24 - 31 - (1 + -7)
-1
Calculate 4 + 0 - (-129 + 128).
5
What is 14 + -12 + -6 + 1?
-3
What is 0 + 2 + 0 + -3 + 1?
0
What is the value of 12 + -16 + -1 + 3?
-2
15 - 31 - (-13 - -4)
-7
-10 + 9 + -1 - -10
8
What is -1 + -1 + 4 + -189 + 182?
-5
Evaluate (-5 - -7) + -3 + 6.
5
Calculate 4 + -4 - 3 - 2 - -4.
-1
What is the value of 0 + 6 - 4 - (3 - 0)?
-1
Calculate -7 + 13 + -3 - 0.
3
What is the value of (8 - 12) + 10 - (1 + -1)?
6
What is 0 - (1 - (-2 - -7))?
4
What is the value of (12 - 4) + 0 + -5 - 7?
-4
Evaluate -5 + (-10 - -5) + 4.
-6
Evaluate (4 - 4) + 1 + -3.
-2
What is the value of -61 + 67 - ((1 - 1) + 2)?
4
Calculate 0 - -1 - (1 - (-4 - -1)).
-3
Calculate 2 - (-4 + (-2 - -6)).
2
Calculate -1 - (-1 - (4 + -8)).
-4
Calculate 2 + -3 + -2 + (16 - 10).
3
4 + (-6 - -4) - 6
-4
Evaluate (0 + -2 + 4 - 2) + -4.
-4
What is 1 + 0 - (-16 + 17)?
0
Evaluate -4 - -9 - 2 - 10 - -1.
-6
What is the value of (0 - 0) + -3 